{"id":21198,"date":"2021-03-13T20:46:35","date_gmt":"2021-03-13T19:46:35","guid":{"rendered":"https:\/\/acva.sk\/o-skoleni\/"},"modified":"2025-05-02T12:52:40","modified_gmt":"2025-05-02T10:52:40","slug":"o-skoleni","status":"publish","type":"page","link":"https:\/\/acva.sk\/en\/o-skoleni\/","title":{"rendered":"O\u00a0\u0161kolen\u00ed"},"content":{"rendered":"[vc_row][vc_column][vc_column_text]\n<h2><span style=\"font-weight: 400;\">\u0160kolenie ADOS-2<\/span><\/h2>\n<p>&nbsp;<\/p>\n<p><b>Autism Diagnostic Observation Schedule, Second Edition (ADOS-2)<\/b><\/p>\n<p><span style=\"font-weight: 400;\">ADOS-2 je pozorovacia \u0161k\u00e1la vyu\u017e\u00edvan\u00e1 pri diagnostike autizmu pri ktorej sa vyu\u017e\u00edva \u0161peci\u00e1lna testovac\u00ed materi\u00e1l (testovacia sada) pre stimul\u00e1ciu ur\u010dit\u00e9ho spr\u00e1vania, komunik\u00e1cie a soci\u00e1lnych interakci\u00ed v r\u00e1mci piatich nez\u00e1visl\u00fdch modulov (pod\u013ea veku, jazykovej a re\u010dovej \u00farovne). Pod\u013ea dan\u00fdch algoritmov je v r\u00e1mci ka\u017ed\u00e9ho z modulov \u0161tandardizovan\u00fdm sp\u00f4sobom vyhodnocovan\u00e1 intenzita autistick\u00fdch sympt\u00f3mov dan\u00e9ho jedinca.<\/span><\/p>\n<p><img loading=\"lazy\" decoding=\"async\" class=\"alignnone size-medium wp-image-4844\" src=\"https:\/\/acva.sk\/wp-content\/uploads\/2021\/03\/ilustracny-obrazok_sada-ADOS-300x300.jpg\" alt=\"\" width=\"300\" height=\"300\" srcset=\"https:\/\/acva.sk\/wp-content\/uploads\/2021\/03\/ilustracny-obrazok_sada-ADOS-300x300.jpg 300w, https:\/\/acva.sk\/wp-content\/uploads\/2021\/03\/ilustracny-obrazok_sada-ADOS-150x150.jpg 150w, https:\/\/acva.sk\/wp-content\/uploads\/2021\/03\/ilustracny-obrazok_sada-ADOS-100x100.jpg 100w, https:\/\/acva.sk\/wp-content\/uploads\/2021\/03\/ilustracny-obrazok_sada-ADOS.jpg 666w\" sizes=\"auto, (max-width: 300px) 100vw, 300px\" \/><\/p>\n<p><b>Popis \u0161kolenia:<\/b><\/p>\n<ul>\n<li style=\"font-weight: 400;\" aria-level=\"1\"><span style=\"font-weight: 400;\">ADOS-2 klinick\u00e9 \u0161kolenie pon\u00faka odborn\u00edkom mo\u017enos\u0165 zozn\u00e1mi\u0165 sa s\u00a0diagnostickou met\u00f3dou ADOS-2 pou\u017e\u00edvanou v\u00a0diagnostickom procese por\u00fach autistick\u00e9ho spektra u\u00a0det\u00ed aj dospel\u00fdch<\/span><\/li>\n<li style=\"font-weight: 400;\" aria-level=\"1\"><span style=\"font-weight: 400;\">\u00da\u010dastn\u00edci \u0161kolenia bud\u00fa ma\u0165 podrobne vysvetlen\u00fa administr\u00e1ciu jednotliv\u00fdch \u00faloh a\u00a0k\u00f3dovanie v\u0161etk\u00fdch aspektov spr\u00e1vania u\u00a0det\u00ed a dospel\u00fdch<\/span><\/li>\n<\/ul>\n<p>&nbsp;<\/p>\n<p><b>Obsah \u0161kolenia:<\/b><\/p>\n<ul>\n<li style=\"font-weight: 400;\" aria-level=\"1\"><span style=\"font-weight: 400;\">obozn\u00e1menie sa s materi\u00e1lmi ADOS-2<\/span><\/li>\n<li style=\"font-weight: 400;\" aria-level=\"1\"><span style=\"font-weight: 400;\">podrobn\u00fd popis administr\u00e1cie aktiv\u00edt v 5 moduloch pre v\u0161etky vekov\u00e9 kateg\u00f3rie (od 12. mesiaca \u017eivota a\u017e po dospelos\u0165)<\/span><\/li>\n<li style=\"font-weight: 400;\" aria-level=\"1\"><span style=\"font-weight: 400;\">prezent\u00e1cia vide\u00ed a rozbor ADOS-2 vy\u0161etrenia die\u0165a\u0165a\/dospel\u00e9ho\u00a0<\/span><\/li>\n<li style=\"font-weight: 400;\" aria-level=\"1\"><span style=\"font-weight: 400;\">podrobn\u00fd popis a n\u00e1cvik k\u00f3dovania spr\u00e1vania die\u0165a\u0165a\/dospel\u00e9ho vo v\u0161etk\u00fdch 5. moduloch<\/span><\/li>\n<li style=\"font-weight: 400;\" aria-level=\"1\"><span style=\"font-weight: 400;\">bohat\u00e1 akt\u00edvna diskusia v\u0161etk\u00fdch \u00fa\u010dastn\u00edkov kurzu o aspektoch spr\u00e1vania die\u0165a\u0165a\/dospel\u00e9ho s\u00a0poruchou autistick\u00e9ho spektra<\/span><\/li>\n<li style=\"font-weight: 400;\" aria-level=\"1\"><span style=\"font-weight: 400;\">\u0161pecifik\u00e1 prezent\u00e1cie autizmu u\u00a0diev\u010dat a\u00a0\u017eien v\u00a0porovnan\u00ed s\u00a0mu\u017emi<\/span><\/li>\n<li style=\"font-weight: 400;\" aria-level=\"1\"><span style=\"font-weight: 400;\">mo\u017enos\u0165 samostatn\u00e9ho k\u00f3dovania vide\u00ed po skon\u010den\u00ed kurzu a\u00a0sp\u00e4tnej v\u00e4zby<\/span><\/li>\n<li style=\"font-weight: 400;\" aria-level=\"1\"><span style=\"font-weight: 400;\">v\u00a0cene \u0161kolenia s\u00fa kompletn\u00e9 materi\u00e1ly potrebn\u00e9 na absolvovanie samotn\u00e9ho \u0161kolenia<\/span><\/li>\n<\/ul>\n<p><b>Pre koho je kurz ur\u010den\u00fd:<\/b><\/p>\n<ul>\n<li style=\"font-weight: 400;\" aria-level=\"1\"><span style=\"font-weight: 400;\">pre v\u0161etk\u00fdch odborn\u00edkov zauj\u00edmaj\u00facich sa o poruchy autistick\u00e9ho spektra z ktorejko\u013evek oblasti (psychiatri, psychol\u00f3govia, logop\u00e9di, \u0161peci\u00e1lni pedag\u00f3govia, lie\u010debn\u00ed pedag\u00f3govia, psychoterapeuti, ABA terapeuti)<\/span><\/li>\n<\/ul>\n<p><b>N\u00e1ro\u010dnos\u0165 kurzu:<\/b><\/p>\n<ul>\n<li style=\"font-weight: 400;\" aria-level=\"1\"><span style=\"font-weight: 400;\">intenz\u00edvnych 24 hod\u00edn predn\u00e1\u0161ok a diskusi\u00ed<\/span><\/li>\n<li style=\"font-weight: 400;\" aria-level=\"1\"><span style=\"font-weight: 400;\">n\u00e1cvik individu\u00e1lneho k\u00f3dovania pomocou post-course posudzovania vide\u00ed a n\u00e1slednej individu\u00e1lnej sp\u00e4tnej v\u00e4zby ka\u017ed\u00e9mu \u00fa\u010dastn\u00edkovi osobitne<\/span><\/li>\n<\/ul>\n<p><strong>Absolvovanie\u00a0 kurzu ADOS-2 neopr\u00e1v\u0148uje k <span data-olk-copy-source=\"MessageBody\">diagnostike por\u00fach autistick\u00e9ho spektra. <\/span><\/strong>Diagnostick\u00fd proces je komplikovan\u00fd, nezaklad\u00e1 sa iba na pou\u017eit\u00ed ADOS-2 a na Slovensku je\u00a0jeho postup presne definovan\u00fd a pop\u00edsan\u00fd \u0160tandardn\u00fdmi opera\u010dn\u00fdmi postupmi, ktor\u00e9 vydalo Ministerstvo zdravotn\u00edctva SR<strong><span data-olk-copy-source=\"MessageBody\">, <\/span><\/strong>, <a id=\"LPlnk164260\" title=\"https:\/\/www.health.gov.sk\/?Standardne-Postupy-V-Zdravotnictve\" href=\"https:\/\/www.health.gov.sk\/?Standardne-Postupy-V-Zdravotnictve\" target=\"_blank\" rel=\"noopener noreferrer\" data-auth=\"NotApplicable\" data-linkindex=\"0\">https:\/\/www.health.gov.sk\/?Standardne-Postupy-V-Zdravotnictve<\/a> \u010das\u0165 Poruchy autistick\u00e9ho spektra, 2.rev\u00edzia.<\/p>\n<p><b>Term\u00edn kurzu:<\/b><span style=\"font-weight: 400;\"> bude upresnen\u00fd lektorom \u0161kolenia<\/span><\/p>\n<p><b>Miesto konania kurzu:<\/b><span style=\"font-weight: 400;\"> Prezen\u010dn\u00e1 forma kurzu: Autistick\u00e9 centrum AutiMot\u00fdlik, GALANTA (Are\u00e1l zdravia ul.<em>\u00a0kpt. N\u00e1lepku 727<\/em>, blok F), pr\u00edpadne online formou prostredn\u00edctvom platformy ZOOM.<\/span><\/p>\n<p><b>Cena kurzu:<\/b><span style=\"font-weight: 400;\"> <strong>450\u20ac\/osoba<\/strong> , v cene nie je zahrnut\u00e9 stravovanie a ubytovanie<\/span>[\/vc_column_text][\/vc_column][\/vc_row][vc_row][vc_column][\/vc_column][\/vc_row][vc_row][vc_column][vc_text_separator title=&#8221;M\u00e1te z\u00e1ujem o \u0161kolenie?&#8221;][\/vc_column][\/vc_row][vc_row][vc_column][vc_message]Ak m\u00e1te ot\u00e1zku oh\u013eadom \u0161kolenia, kontaktujte n\u00e1s mailom: <a href=\"mailto:acva@acva.sk\"><strong>acva@acva.sk<\/strong><\/a><\/p>\n<a href=\"https:\/\/docs.google.com\/forms\/d\/1_pNHN10iU248eVOHEiklVtq-ELwLTRwhsKXol3vrad8\/viewform?edit_requested=true\" class=\"su-button su-button-style-default\" style=\"color:#FFFFFF;background-color:#2D89EF;border-color:#246ec0;border-radius:5px\" target=\"_self\"><span style=\"color:#FFFFFF;padding:0px 16px;font-size:13px;line-height:26px;border-color:#6cadf4;border-radius:5px;text-shadow:none\"> Z\u00e1v\u00e4zn\u00e1 prihl\u00e1\u0161ka na \u0161kolenie ADOS-2<\/span><\/a>[\/vc_message][\/vc_column][\/vc_row]\n","protected":false},"excerpt":{"rendered":"<p>[vc_row][vc_column][vc_column_text] \u0160kolenie ADOS-2 &nbsp; Autism Diagnostic Observation Schedule, Second Edition (ADOS-2) ADOS-2 je pozorovacia \u0161k\u00e1la vyu\u017e\u00edvan\u00e1 pri diagnostike autizmu pri ktorej sa vyu\u017e\u00edva \u0161peci\u00e1lna testovac\u00ed materi\u00e1l (testovacia sada) pre stimul\u00e1ciu ur\u010dit\u00e9ho spr\u00e1vania, komunik\u00e1cie a soci\u00e1lnych interakci\u00ed v r\u00e1mci piatich nez\u00e1visl\u00fdch modulov (pod\u013ea veku, jazykovej a re\u010dovej \u00farovne). Pod\u013ea dan\u00fdch algoritmov je v r\u00e1mci ka\u017ed\u00e9ho z<\/p>\n","protected":false},"author":1,"featured_media":0,"parent":0,"menu_order":0,"comment_status":"closed","ping_status":"closed","template":"","meta":{"_eb_attr":"","footnotes":""},"class_list":["post-21198","page","type-page","status-publish","hentry"],"_links":{"self":[{"href":"https:\/\/acva.sk\/en\/wp-json\/wp\/v2\/pages\/21198","targetHints":{"allow":["GET"]}}],"collection":[{"href":"https:\/\/acva.sk\/en\/wp-json\/wp\/v2\/pages"}],"about":[{"href":"https:\/\/acva.sk\/en\/wp-json\/wp\/v2\/types\/page"}],"author":[{"embeddable":true,"href":"https:\/\/acva.sk\/en\/wp-json\/wp\/v2\/users\/1"}],"replies":[{"embeddable":true,"href":"https:\/\/acva.sk\/en\/wp-json\/wp\/v2\/comments?post=21198"}],"version-history":[{"count":4,"href":"https:\/\/acva.sk\/en\/wp-json\/wp\/v2\/pages\/21198\/revisions"}],"predecessor-version":[{"id":25101,"href":"https:\/\/acva.sk\/en\/wp-json\/wp\/v2\/pages\/21198\/revisions\/25101"}],"wp:attachment":[{"href":"https:\/\/acva.sk\/en\/wp-json\/wp\/v2\/media?parent=21198"}],"curies":[{"name":"wp","href":"https:\/\/api.w.org\/{rel}","templated":true}]}}

O školení

[vc_row][vc_column][vc_column_text]
<h2><span style="font-weight: 400;">Školenie ADOS-2</span></h2>
<p>&nbsp;</p>
<p><b>Autism Diagnostic Observation Schedule, Second Edition (ADOS-2)</b></p>
<p><span style="font-weight: 400;">ADOS-2 je pozorovacia škála využívaná pri diagnostike autizmu pri ktorej sa využíva špeciálna testovací materiál (testovacia sada) pre stimuláciu určitého správania, komunikácie a sociálnych interakcií v rámci piatich nezávislých modulov (podľa veku, jazykovej a rečovej úrovne). Podľa daných algoritmov je v rámci každého z modulov štandardizovaným spôsobom vyhodnocovaná intenzita autistických symptómov daného jedinca.</span></p>
<p><img loading="lazy" decoding="async" class="alignnone size-medium wp-image-4844" src="https://acva.sk/wp-content/uploads/2021/03/ilustracny-obrazok_sada-ADOS-300x300.jpg" alt="" width="300" height="300" srcset="https://acva.sk/wp-content/uploads/2021/03/ilustracny-obrazok_sada-ADOS-300x300.jpg 300w, https://acva.sk/wp-content/uploads/2021/03/ilustracny-obrazok_sada-ADOS-150x150.jpg 150w, https://acva.sk/wp-content/uploads/2021/03/ilustracny-obrazok_sada-ADOS-100x100.jpg 100w, https://acva.sk/wp-content/uploads/2021/03/ilustracny-obrazok_sada-ADOS.jpg 666w" sizes="auto, (max-width: 300px) 100vw, 300px" /></p>
<p><b>Popis školenia:</b></p>
<ul>
<li style="font-weight: 400;" aria-level="1"><span style="font-weight: 400;">ADOS-2 klinické školenie ponúka odborníkom možnosť zoznámiť sa s diagnostickou metódou ADOS-2 používanou v diagnostickom procese porúch autistického spektra u detí aj dospelých</span></li>
<li style="font-weight: 400;" aria-level="1"><span style="font-weight: 400;">Účastníci školenia budú mať podrobne vysvetlenú administráciu jednotlivých úloh a kódovanie všetkých aspektov správania u detí a dospelých</span></li>
</ul>
<p>&nbsp;</p>
<p><b>Obsah školenia:</b></p>
<ul>
<li style="font-weight: 400;" aria-level="1"><span style="font-weight: 400;">oboznámenie sa s materiálmi ADOS-2</span></li>
<li style="font-weight: 400;" aria-level="1"><span style="font-weight: 400;">podrobný popis administrácie aktivít v 5 moduloch pre všetky vekové kategórie (od 12. mesiaca života až po dospelosť)</span></li>
<li style="font-weight: 400;" aria-level="1"><span style="font-weight: 400;">prezentácia videí a rozbor ADOS-2 vyšetrenia dieťaťa/dospelého </span></li>
<li style="font-weight: 400;" aria-level="1"><span style="font-weight: 400;">podrobný popis a nácvik kódovania správania dieťaťa/dospelého vo všetkých 5. moduloch</span></li>
<li style="font-weight: 400;" aria-level="1"><span style="font-weight: 400;">bohatá aktívna diskusia všetkých účastníkov kurzu o aspektoch správania dieťaťa/dospelého s poruchou autistického spektra</span></li>
<li style="font-weight: 400;" aria-level="1"><span style="font-weight: 400;">špecifiká prezentácie autizmu u dievčat a žien v porovnaní s mužmi</span></li>
<li style="font-weight: 400;" aria-level="1"><span style="font-weight: 400;">možnosť samostatného kódovania videí po skončení kurzu a spätnej väzby</span></li>
<li style="font-weight: 400;" aria-level="1"><span style="font-weight: 400;">v cene školenia sú kompletné materiály potrebné na absolvovanie samotného školenia</span></li>
</ul>
<p><b>Pre koho je kurz určený:</b></p>
<ul>
<li style="font-weight: 400;" aria-level="1"><span style="font-weight: 400;">pre všetkých odborníkov zaujímajúcich sa o poruchy autistického spektra z ktorejkoľvek oblasti (psychiatri, psychológovia, logopédi, špeciálni pedagógovia, liečební pedagógovia, psychoterapeuti, ABA terapeuti)</span></li>
</ul>
<p><b>Náročnosť kurzu:</b></p>
<ul>
<li style="font-weight: 400;" aria-level="1"><span style="font-weight: 400;">intenzívnych 24 hodín prednášok a diskusií</span></li>
<li style="font-weight: 400;" aria-level="1"><span style="font-weight: 400;">nácvik individuálneho kódovania pomocou post-course posudzovania videí a následnej individuálnej spätnej väzby každému účastníkovi osobitne</span></li>
</ul>
<p><strong>Absolvovanie  kurzu ADOS-2 neoprávňuje k <span data-olk-copy-source="MessageBody">diagnostike porúch autistického spektra. </span></strong>Diagnostický proces je komplikovaný, nezakladá sa iba na použití ADOS-2 a na Slovensku je jeho postup presne definovaný a popísaný Štandardnými operačnými postupmi, ktoré vydalo Ministerstvo zdravotníctva SR<strong><span data-olk-copy-source="MessageBody">, </span></strong>, <a id="LPlnk164260" title="https://www.health.gov.sk/?Standardne-Postupy-V-Zdravotnictve" href="https://www.health.gov.sk/?Standardne-Postupy-V-Zdravotnictve" target="_blank" rel="noopener noreferrer" data-auth="NotApplicable" data-linkindex="0">https://www.health.gov.sk/?Standardne-Postupy-V-Zdravotnictve</a> časť Poruchy autistického spektra, 2.revízia.</p>
<p><b>Termín kurzu:</b><span style="font-weight: 400;"> bude upresnený lektorom školenia</span></p>
<p><b>Miesto konania kurzu:</b><span style="font-weight: 400;"> Prezenčná forma kurzu: Autistické centrum AutiMotýlik, GALANTA (Areál zdravia ul.<em> kpt. Nálepku 727</em>, blok F), prípadne online formou prostredníctvom platformy ZOOM.</span></p>
<p><b>Cena kurzu:</b><span style="font-weight: 400;"> <strong>450€/osoba</strong> , v cene nie je zahrnuté stravovanie a ubytovanie</span>[/vc_column_text][/vc_column][/vc_row][vc_row][vc_column][/vc_column][/vc_row][vc_row][vc_column][vc_text_separator title=&#8221;Máte záujem o školenie?&#8221;][/vc_column][/vc_row][vc_row][vc_column][vc_message]Ak máte otázku ohľadom školenia, kontaktujte nás mailom: <a href="mailto:acva@acva.sk"><strong>acva@acva.sk</strong></a></p>
<a href="https://docs.google.com/forms/d/1_pNHN10iU248eVOHEiklVtq-ELwLTRwhsKXol3vrad8/viewform?edit_requested=true" class="su-button su-button-style-default" style="color:#FFFFFF;background-color:#2D89EF;border-color:#246ec0;border-radius:5px" target="_self"><span style="color:#FFFFFF;padding:0px 16px;font-size:13px;line-height:26px;border-color:#6cadf4;border-radius:5px;text-shadow:none"> Záväzná prihláška na školenie ADOS-2</span></a>[/vc_message][/vc_column][/vc_row]

<p>[vc_row][vc_column][vc_column_text] Školenie ADOS-2 &nbsp; Autism Diagnostic Observation Schedule, Second Edition (ADOS-2) ADOS-2 je pozorovacia škála využívaná pri diagnostike autizmu pri ktorej sa využíva špeciálna testovací materiál (testovacia sada) pre stimuláciu určitého správania, komunikácie a sociálnych interakcií v rámci piatich nezávislých modulov (podľa veku, jazykovej a rečovej úrovne). Podľa daných algoritmov je v rámci každého z</p>
